{"id":4531,"date":"2022-08-29T15:52:51","date_gmt":"2022-08-29T13:52:51","guid":{"rendered":"https:\/\/club-canin.ch\/?page_id=6"},"modified":"2023-02-19T20:32:37","modified_gmt":"2023-02-19T19:32:37","slug":"accueil","status":"publish","type":"page","link":"https:\/\/club-canin.ch\/","title":{"rendered":"Accueil"},"content":{"rendered":"\n<div class=\"wp-block-cover alignfull\" style=\"min-height:700px;aspect-ratio:unset;\"><span aria-hidden=\"true\" class=\"wp-block-cover__background has-background-dim-0 has-background-dim\"><\/span><img loading=\"lazy\" decoding=\"async\" width=\"1920\" height=\"1280\" class=\"wp-block-cover__image-background wp-image-4550\" alt=\"\" src=\"https:\/\/club-canin.ch\/wp-content\/uploads\/2022\/10\/dogs-gcba23c1f2_1920.jpg\" style=\"object-position:50% 64%\" data-object-fit=\"cover\" data-object-position=\"50% 64%\" srcset=\"https:\/\/club-canin.ch\/wp-content\/uploads\/2022\/10\/dogs-gcba23c1f2_1920.jpg 1920w, https:\/\/club-canin.ch\/wp-content\/uploads\/2022\/10\/dogs-gcba23c1f2_1920-300x200.jpg 300w, https:\/\/club-canin.ch\/wp-content\/uploads\/2022\/10\/dogs-gcba23c1f2_1920-1024x683.jpg 1024w, https:\/\/club-canin.ch\/wp-content\/uploads\/2022\/10\/dogs-gcba23c1f2_1920-768x512.jpg 768w, https:\/\/club-canin.ch\/wp-content\/uploads\/2022\/10\/dogs-gcba23c1f2_1920-1536x1024.jpg 1536w, https:\/\/club-canin.ch\/wp-content\/uploads\/2022\/10\/dogs-gcba23c1f2_1920-930x620.jpg 930w\" sizes=\"auto, (max-width: 1920px) 100vw, 1920px\" \/><div class=\"wp-block-cover__inner-container is-layout-flow wp-block-cover-is-layout-flow\">\n<h2 class=\"has-text-align-center has-nv-site-bg-color has-text-color wp-block-heading\">Soyez les bienvenue sur le site Internet du CEC Tout&#8217;\u00e0 Poils de V\u00e9troz !<\/h2>\n\n\n\n<p class=\"has-text-align-center has-nv-site-bg-color has-text-color has-background\" style=\"background-color:#0000005c;font-size:17px\">Nous mettons un point d\u2019honneur au respect de l\u2019animal et de ses \u00e9motions. Nous sommes convaincus qu\u2019une relation de confiance entre l\u2019homme et le chien est n\u00e9cessaire pour une vie commune harmonieuse. Nous travaillons avec des m\u00e9thodes positives et de renforcement (croquettes, caresses, jeux\u2026). Nous dispensons \u00e9galement r\u00e9guli\u00e8rement les cours obligatoires pour les nouveaux propri\u00e9taires de chien en Valais !<\/p>\n\n\n\n<div class=\"wp-block-buttons is-content-justification-center is-layout-flex wp-container-core-buttons-is-layout-16018d1d wp-block-buttons-is-layout-flex\">\n<div class=\"wp-block-button is-style-primary\"><a class=\"wp-block-button__link has-neve-link-hover-color-background-color has-background wp-element-button\" href=\"https:\/\/club-canin.ch\/index.php\/evenements\/\">Je suis membre<\/a><\/div>\n\n\n\n<div class=\"wp-block-button is-style-secondary\"><a class=\"wp-block-button__link has-nv-dark-bg-color has-nv-c-2-background-color has-text-color has-background wp-element-button\" href=\"https:\/\/club-canin.ch\/index.php\/brevet-bpc\/\">Cours obligatoires<\/a><\/div>\n\n\n\n<div class=\"wp-block-button is-style-secondary\"><a class=\"wp-block-button__link has-nv-dark-bg-color has-nv-c-1-background-color has-text-color has-background wp-element-button\" href=\"https:\/\/club-canin.ch\/index.php\/chiots\/\">Cours chiots<\/a><\/div>\n\n\n\n<div class=\"wp-block-button is-style-secondary\"><a class=\"wp-block-button__link has-nv-dark-bg-color has-nv-light-bg-background-color has-text-color has-background wp-element-button\" href=\"https:\/\/club-canin.ch\/index.php\/debutants\/\">Cours d&#8217;\u00e9ducation<\/a><\/div>\n<\/div>\n\n\n\n<div style=\"height:80px\" aria-hidden=\"true\" class=\"wp-block-spacer\"><\/div>\n\n\n\n<div style=\"height:80px\" aria-hidden=\"true\" class=\"wp-block-spacer\"><\/div>\n<\/div><\/div>\n","protected":false},"excerpt":{"rendered":"","protected":false},"author":1,"featured_media":0,"parent":0,"menu_order":0,"comment_status":"closed","ping_status":"closed","template":"","meta":{"neve_meta_sidebar":"","neve_meta_container":"","neve_meta_enable_content_width":"on","neve_meta_content_width":100,"neve_meta_title_alignment":"","neve_meta_author_avatar":"","neve_post_elements_order":"","neve_meta_disable_header":"","neve_meta_disable_footer":"","neve_meta_disable_title":"on","footnotes":""},"class_list":["post-4531","page","type-page","status-publish","hentry"],"yoast_head":"<!-- This site is optimized with the Yoast SEO plugin v23.4 - https:\/\/yoast.com\/wordpress\/plugins\/seo\/ -->\n<title>Accueil - CEC Tout&#039;\u00e0 Poils<\/title>\n<meta name=\"description\" content=\"Cours obligatoires pour nouveaux propri\u00e9taires de chien en Valais central \u00e9ducation canine chiens agility chiots hoopers club canin V\u00e9troz\" \/>\n<meta name=\"robots\" content=\"index, follow, max-snippet:-1, max-image-preview:large, max-video-preview:-1\" \/>\n<link rel=\"canonical\" href=\"https:\/\/club-canin.ch\/\" \/>\n<meta property=\"og:locale\" content=\"fr_FR\" \/>\n<meta property=\"og:type\" content=\"article\" \/>\n<meta property=\"og:title\" content=\"Accueil - CEC Tout&#039;\u00e0 Poils\" \/>\n<meta property=\"og:description\" content=\"Cours obligatoires pour nouveaux propri\u00e9taires de chien en Valais central \u00e9ducation canine chiens agility chiots hoopers club canin V\u00e9troz\" \/>\n<meta property=\"og:url\" content=\"https:\/\/club-canin.ch\/\" \/>\n<meta property=\"og:site_name\" content=\"CEC Tout&#039;\u00e0 Poils\" \/>\n<meta property=\"article:publisher\" content=\"https:\/\/www.facebook.com\/toutapoils\" \/>\n<meta property=\"article:modified_time\" content=\"2023-02-19T19:32:37+00:00\" \/>\n<meta property=\"og:image\" content=\"https:\/\/club-canin.ch\/wp-content\/uploads\/2022\/10\/dogs-gcba23c1f2_1920.jpg\" \/>\n<meta name=\"twitter:card\" content=\"summary_large_image\" \/>\n<meta name=\"twitter:label1\" content=\"Dur\u00e9e de lecture estim\u00e9e\" \/>\n\t<meta name=\"twitter:data1\" content=\"1 minute\" \/>\n<script type=\"application\/ld+json\" class=\"yoast-schema-graph\">{\"@context\":\"https:\/\/schema.org\",\"@graph\":[{\"@type\":\"WebPage\",\"@id\":\"https:\/\/club-canin.ch\/\",\"url\":\"https:\/\/club-canin.ch\/\",\"name\":\"Accueil - CEC Tout&#039;\u00e0 Poils\",\"isPartOf\":{\"@id\":\"https:\/\/club-canin.ch\/#website\"},\"primaryImageOfPage\":{\"@id\":\"https:\/\/club-canin.ch\/#primaryimage\"},\"image\":{\"@id\":\"https:\/\/club-canin.ch\/#primaryimage\"},\"thumbnailUrl\":\"https:\/\/club-canin.ch\/wp-content\/uploads\/2022\/10\/dogs-gcba23c1f2_1920.jpg\",\"datePublished\":\"2022-08-29T13:52:51+00:00\",\"dateModified\":\"2023-02-19T19:32:37+00:00\",\"description\":\"Cours obligatoires pour nouveaux propri\u00e9taires de chien en Valais central \u00e9ducation canine chiens agility chiots hoopers club canin V\u00e9troz\",\"breadcrumb\":{\"@id\":\"https:\/\/club-canin.ch\/#breadcrumb\"},\"inLanguage\":\"fr-FR\",\"potentialAction\":[{\"@type\":\"ReadAction\",\"target\":[\"https:\/\/club-canin.ch\/\"]}]},{\"@type\":\"ImageObject\",\"inLanguage\":\"fr-FR\",\"@id\":\"https:\/\/club-canin.ch\/#primaryimage\",\"url\":\"https:\/\/club-canin.ch\/wp-content\/uploads\/2022\/10\/dogs-gcba23c1f2_1920.jpg\",\"contentUrl\":\"https:\/\/club-canin.ch\/wp-content\/uploads\/2022\/10\/dogs-gcba23c1f2_1920.jpg\",\"width\":1920,\"height\":1280},{\"@type\":\"BreadcrumbList\",\"@id\":\"https:\/\/club-canin.ch\/#breadcrumb\",\"itemListElement\":[{\"@type\":\"ListItem\",\"position\":1,\"name\":\"Accueil\",\"item\":\"https:\/\/club-canin.ch\/\"},{\"@type\":\"ListItem\",\"position\":2,\"name\":\"Accueil\"}]},{\"@type\":\"WebSite\",\"@id\":\"https:\/\/club-canin.ch\/#website\",\"url\":\"https:\/\/club-canin.ch\/\",\"name\":\"CEC Tout&#039;\u00e0 Poils\",\"description\":\"Club canin valaisan !\",\"publisher\":{\"@id\":\"https:\/\/club-canin.ch\/#organization\"},\"potentialAction\":[{\"@type\":\"SearchAction\",\"target\":{\"@type\":\"EntryPoint\",\"urlTemplate\":\"https:\/\/club-canin.ch\/?s={search_term_string}\"},\"query-input\":{\"@type\":\"PropertyValueSpecification\",\"valueRequired\":true,\"valueName\":\"search_term_string\"}}],\"inLanguage\":\"fr-FR\"},{\"@type\":\"Organization\",\"@id\":\"https:\/\/club-canin.ch\/#organization\",\"name\":\"Club canin Tout'\u00e0 Poils\",\"url\":\"https:\/\/club-canin.ch\/\",\"logo\":{\"@type\":\"ImageObject\",\"inLanguage\":\"fr-FR\",\"@id\":\"https:\/\/club-canin.ch\/#\/schema\/logo\/image\/\",\"url\":\"https:\/\/club-canin.ch\/wp-content\/uploads\/2022\/10\/logo-1200.png\",\"contentUrl\":\"https:\/\/club-canin.ch\/wp-content\/uploads\/2022\/10\/logo-1200.png\",\"width\":1200,\"height\":802,\"caption\":\"Club canin Tout'\u00e0 Poils\"},\"image\":{\"@id\":\"https:\/\/club-canin.ch\/#\/schema\/logo\/image\/\"},\"sameAs\":[\"https:\/\/www.facebook.com\/toutapoils\"]}]}<\/script>\n<!-- \/ Yoast SEO plugin. -->","yoast_head_json":{"title":"Accueil - CEC Tout&#039;\u00e0 Poils","description":"Cours obligatoires pour nouveaux propri\u00e9taires de chien en Valais central \u00e9ducation canine chiens agility chiots hoopers club canin V\u00e9troz","robots":{"index":"index","follow":"follow","max-snippet":"max-snippet:-1","max-image-preview":"max-image-preview:large","max-video-preview":"max-video-preview:-1"},"canonical":"https:\/\/club-canin.ch\/","og_locale":"fr_FR","og_type":"article","og_title":"Accueil - CEC Tout&#039;\u00e0 Poils","og_description":"Cours obligatoires pour nouveaux propri\u00e9taires de chien en Valais central \u00e9ducation canine chiens agility chiots hoopers club canin V\u00e9troz","og_url":"https:\/\/club-canin.ch\/","og_site_name":"CEC Tout&#039;\u00e0 Poils","article_publisher":"https:\/\/www.facebook.com\/toutapoils","article_modified_time":"2023-02-19T19:32:37+00:00","og_image":[{"url":"https:\/\/club-canin.ch\/wp-content\/uploads\/2022\/10\/dogs-gcba23c1f2_1920.jpg"}],"twitter_card":"summary_large_image","twitter_misc":{"Dur\u00e9e de lecture estim\u00e9e":"1 minute"},"schema":{"@context":"https:\/\/schema.org","@graph":[{"@type":"WebPage","@id":"https:\/\/club-canin.ch\/","url":"https:\/\/club-canin.ch\/","name":"Accueil - CEC Tout&#039;\u00e0 Poils","isPartOf":{"@id":"https:\/\/club-canin.ch\/#website"},"primaryImageOfPage":{"@id":"https:\/\/club-canin.ch\/#primaryimage"},"image":{"@id":"https:\/\/club-canin.ch\/#primaryimage"},"thumbnailUrl":"https:\/\/club-canin.ch\/wp-content\/uploads\/2022\/10\/dogs-gcba23c1f2_1920.jpg","datePublished":"2022-08-29T13:52:51+00:00","dateModified":"2023-02-19T19:32:37+00:00","description":"Cours obligatoires pour nouveaux propri\u00e9taires de chien en Valais central \u00e9ducation canine chiens agility chiots hoopers club canin V\u00e9troz","breadcrumb":{"@id":"https:\/\/club-canin.ch\/#breadcrumb"},"inLanguage":"fr-FR","potentialAction":[{"@type":"ReadAction","target":["https:\/\/club-canin.ch\/"]}]},{"@type":"ImageObject","inLanguage":"fr-FR","@id":"https:\/\/club-canin.ch\/#primaryimage","url":"https:\/\/club-canin.ch\/wp-content\/uploads\/2022\/10\/dogs-gcba23c1f2_1920.jpg","contentUrl":"https:\/\/club-canin.ch\/wp-content\/uploads\/2022\/10\/dogs-gcba23c1f2_1920.jpg","width":1920,"height":1280},{"@type":"BreadcrumbList","@id":"https:\/\/club-canin.ch\/#breadcrumb","itemListElement":[{"@type":"ListItem","position":1,"name":"Accueil","item":"https:\/\/club-canin.ch\/"},{"@type":"ListItem","position":2,"name":"Accueil"}]},{"@type":"WebSite","@id":"https:\/\/club-canin.ch\/#website","url":"https:\/\/club-canin.ch\/","name":"CEC Tout&#039;\u00e0 Poils","description":"Club canin valaisan !","publisher":{"@id":"https:\/\/club-canin.ch\/#organization"},"potentialAction":[{"@type":"SearchAction","target":{"@type":"EntryPoint","urlTemplate":"https:\/\/club-canin.ch\/?s={search_term_string}"},"query-input":{"@type":"PropertyValueSpecification","valueRequired":true,"valueName":"search_term_string"}}],"inLanguage":"fr-FR"},{"@type":"Organization","@id":"https:\/\/club-canin.ch\/#organization","name":"Club canin Tout'\u00e0 Poils","url":"https:\/\/club-canin.ch\/","logo":{"@type":"ImageObject","inLanguage":"fr-FR","@id":"https:\/\/club-canin.ch\/#\/schema\/logo\/image\/","url":"https:\/\/club-canin.ch\/wp-content\/uploads\/2022\/10\/logo-1200.png","contentUrl":"https:\/\/club-canin.ch\/wp-content\/uploads\/2022\/10\/logo-1200.png","width":1200,"height":802,"caption":"Club canin Tout'\u00e0 Poils"},"image":{"@id":"https:\/\/club-canin.ch\/#\/schema\/logo\/image\/"},"sameAs":["https:\/\/www.facebook.com\/toutapoils"]}]}},"jetpack_sharing_enabled":true,"_links":{"self":[{"href":"https:\/\/club-canin.ch\/index.php\/wp-json\/wp\/v2\/pages\/4531","targetHints":{"allow":["GET"]}}],"collection":[{"href":"https:\/\/club-canin.ch\/index.php\/wp-json\/wp\/v2\/pages"}],"about":[{"href":"https:\/\/club-canin.ch\/index.php\/wp-json\/wp\/v2\/types\/page"}],"author":[{"embeddable":true,"href":"https:\/\/club-canin.ch\/index.php\/wp-json\/wp\/v2\/users\/1"}],"replies":[{"embeddable":true,"href":"https:\/\/club-canin.ch\/index.php\/wp-json\/wp\/v2\/comments?post=4531"}],"version-history":[{"count":13,"href":"https:\/\/club-canin.ch\/index.php\/wp-json\/wp\/v2\/pages\/4531\/revisions"}],"predecessor-version":[{"id":5007,"href":"https:\/\/club-canin.ch\/index.php\/wp-json\/wp\/v2\/pages\/4531\/revisions\/5007"}],"wp:attachment":[{"href":"https:\/\/club-canin.ch\/index.php\/wp-json\/wp\/v2\/media?parent=4531"}],"curies":[{"name":"wp","href":"https:\/\/api.w.org\/{rel}","templated":true}]}}