{"id":37,"date":"2019-11-26T23:00:58","date_gmt":"2019-11-26T22:00:58","guid":{"rendered":"http:\/\/www.club-canin.ch\/?page_id=22"},"modified":"2019-11-26T23:00:58","modified_gmt":"2019-11-26T22:00:58","slug":"historique","status":"publish","type":"page","link":"https:\/\/club-canin.ch\/index.php\/historique\/","title":{"rendered":"Historique"},"content":{"rendered":"\n<p>Notre club, fond\u00e9 en&nbsp;<strong>avril 1988<\/strong>, sous la Pr\u00e9sidence de Georges GAILLARD, a pour but premier de promouvoir la bonne entente et la communication entre le ma\u00eetre et son compagnon \u00e0 4 pattes.<\/p>\n\n\n\n<p><strong>15.01.1994<\/strong><\/p>\n\n\n\n<p>Sous la pr\u00e9sidence de Jean-Paul SIRISIN, notre club est entr\u00e9 officiellement \u00e0 la F\u00e9d\u00e9ration Cynologique Suisse.<\/p>\n\n\n\n<p><strong>17.09.1994<\/strong><\/p>\n\n\n\n<p>Nous organisons notre premier concours d\u2019Agility-Dog.<br>Ce concours a lieu Au Man\u00e8ge des Iles &#8211; \u00e0 Ardon.<\/p>\n\n\n\n<p><strong>19.06.1995<\/strong><\/p>\n\n\n\n<p>Suite a un diff\u00e9rent avec le Pr\u00e9sident et Vice-pr\u00e9sident, le Club se voit dans l&#8217;obligation de se s\u00e9parer de ces deux personnes.<\/p>\n\n\n\n<p>La Pr\u00e9sidence sera assur\u00e9e par int\u00e9rim par Jean-Pierre VICARIO, ceci jusqu&#8217;\u00e0 l&#8217;Assembl\u00e9e G\u00e9n\u00e9rale du 18 novembre 1995.<\/p>\n\n\n\n<p><strong>18.11.1995<\/strong><\/p>\n\n\n\n<p>Lors de l&#8217;Assembl\u00e9e G\u00e9n\u00e9rale Ordinaire, Jean-Luc ZUCHUAT est nomm\u00e9 Pr\u00e9sident.<\/p>\n\n\n\n<p><strong>15 11.1997<\/strong><\/p>\n\n\n\n<p>Lors de l&#8217;Assembl\u00e9e G\u00e9n\u00e9rale Ordinaire, Pierre EGGER est nomm\u00e9 Pr\u00e9sident.<\/p>\n\n\n\n<p><strong>20.09.1998<\/strong><\/p>\n\n\n\n<p>Nous organisons notre concours d&#8217;Agility Dogs sous la d\u00e9nomination de&nbsp;<br><\/p>\n\n\n\n<figure class=\"wp-block-image\"><img decoding=\"async\" src=\"http:\/\/www.club-canin.ch\/images\/adv%20pt.png\" alt=\"\"\/><\/figure>\n\n\n\n<p><strong>09.09.2001<\/strong><\/p>\n\n\n\n<p>Notre concours &#8220;Agility Dogs des Vendanges&#8221; est organis\u00e9 sur le terrain d\u2019entra\u00eenement de l\u2019Ancienne Lizerne \u00e0 Ardon.<\/p>\n\n\n\n<p><strong>24.09.2005<\/strong><\/p>\n\n\n\n<p>Notre club organise les Championnats Suisse d&#8217;Agility sur les terrains de la Salle Polyvalente de Chamoson.<\/p>\n\n\n\n<p><strong>En 2006<\/strong><\/p>\n\n\n\n<p>Voyant arriver des nouvelles lois et r\u00e8glementations au niveau du monde canin, notre club quitte la F\u00e9d\u00e9ration Cynologique Suisse pour adh\u00e9rer officiellement \u00e0 l\u2019Union Canine Suisse: autorisation f\u00e9d\u00e9rale N\u00ba 08\/0014 et Union Canine internationale (Reconnue sur le plan f\u00e9d\u00e9ral).<\/p>\n\n\n\n<p><strong>05.09.2009<\/strong><\/p>\n\n\n\n<p>C\u00e9dine Emery obtient son Dipl\u00f4me d&#8217;Instructeur Canin (DIC)<\/p>\n\n\n\n<p><strong>17.07.2011<\/strong><\/p>\n\n\n\n<p>Nous organisons notre premi\u00e8re &#8220;Journ\u00e9e Humoristique&#8221;.<br><\/p>\n\n\n\n<p><strong>19.11.2011<\/strong><\/p>\n\n\n\n<figure class=\"wp-block-image\"><img decoding=\"async\" src=\"http:\/\/www.club-canin.ch\/images\/CEC.png\" alt=\"\"\/><\/figure>\n\n\n\n<p>Lors de notre Assembl\u00e9e G\u00e9n\u00e9rale, notre Club change de logo&nbsp;et de nom &#8220;Club d&#8217;Education Canine &#8211; Tout&#8217;\u00e0 Poils&#8221;.<\/p>\n\n\n\n<p>Suite \u00e0 une d\u00e9cision de l&#8217;Etat du Valais notre Club doit trouver \u00e0 grand frais un nouveau terrain.<\/p>\n\n\n\n<p><strong>01.05.2012<\/strong><\/p>\n\n\n\n<p>Nous emm\u00e9nageons sur un nouveau terrain.<\/p>\n\n\n\n<p>Un tr\u00e8s grand merci \u00e0 la Commune d\u2019Ardon pour la mise \u00e0 disposition de ce magnifique terrain sur lequel nous nous entra\u00eenons tous les dimanches.<\/p>\n\n\n\n<p>Ces entrainements ont d\u00e9j\u00e0 permis \u00e0 de nombreux couples maitre-chien de trouver un \u00e9quilibre dans leurs relations. Ils nous ont \u00e9galement valu de compter un champion suisse d&#8217;agility dans nos rangs, ainsi que la satisfaction de voir r\u00e9guli\u00e8rement nos membres repr\u00e9senter bien haut les couleurs du club en acc\u00e9dant aux meilleures places dans divers concours d&#8217;ob\u00e9issance.<\/p>\n\n\n\n<p><strong>16.11.2013<\/strong><\/p>\n\n\n\n<p>Lors de notre Assembl\u00e9e G\u00e9n\u00e9rale, Pierre EGGER, apr\u00e8s 17 ann\u00e9es de pr\u00e9sidence, annonce sa d\u00e9mission de ce poste pour l&#8217;Assembl\u00e9e G\u00e9n\u00e9rale du 15 novembre 2014. Il laissera ainsi sa place \u00e0 un nouveau comit\u00e9.<\/p>\n\n\n\n<p><strong>Automne 2014<\/strong><\/p>\n\n\n\n<p>Andrina Aymon et Samuel Theler obtiennent le Dipl\u00f4me d&#8217;Instructeur Canin (DIC) <\/p>\n\n\n\n<p><strong>15.11.2014<\/strong><\/p>\n\n\n\n<p>Lors de l&#8217;Assembl\u00e9e G\u00e9n\u00e9rale Ordinaire, C\u00e9dine EMERY est nomm\u00e9e Pr\u00e9sidente.<\/p>\n\n\n\n<p><strong>30.06.2018<\/strong><\/p>\n\n\n\n<p>Le Club d\u00e9m\u00e9nage sur un terrain en location au G\u00eete des Vergers \u00e0 V\u00e9troz.<\/p>\n\n\n\n<p><strong>Automne 2019<\/strong><\/p>\n\n\n\n<p>Doris Lochmatter obtient son dipl\u00f4me de Moniteur d&#8217;Education Canine (MEC)<\/p>\n","protected":false},"excerpt":{"rendered":"<p>Notre club, fond\u00e9 en&nbsp;avril 1988, sous la Pr\u00e9sidence de Georges GAILLARD, a pour but premier de promouvoir la bonne entente et la communication entre le ma\u00eetre et son compagnon \u00e0 4 pattes. 15.01.1994 Sous la pr\u00e9sidence de Jean-Paul SIRISIN, notre club est entr\u00e9 officiellement \u00e0 la F\u00e9d\u00e9ration Cynologique Suisse. 17.09.1994 Nous organisons notre premier concours&hellip;&nbsp;<a href=\"https:\/\/club-canin.ch\/index.php\/historique\/\" class=\"\" rel=\"bookmark\">Lire la suite &raquo;<span class=\"screen-reader-text\">Historique<\/span><\/a><\/p>\n","protected":false},"author":1,"featured_media":0,"parent":0,"menu_order":0,"comment_status":"closed","ping_status":"closed","template":"","meta":{"neve_meta_sidebar":"","neve_meta_container":"","neve_meta_enable_content_width":"","neve_meta_content_width":0,"neve_meta_title_alignment":"","neve_meta_author_avatar":"","neve_post_elements_order":"","neve_meta_disable_header":"","neve_meta_disable_footer":"","neve_meta_disable_title":"","footnotes":""},"class_list":["post-37","page","type-page","status-publish","hentry"],"yoast_head":"<!-- This site is optimized with the Yoast SEO plugin v23.4 - https:\/\/yoast.com\/wordpress\/plugins\/seo\/ -->\n<title>Historique - CEC Tout&#039;\u00e0 Poils<\/title>\n<meta name=\"robots\" content=\"index, follow, max-snippet:-1, max-image-preview:large, max-video-preview:-1\" \/>\n<link rel=\"canonical\" href=\"https:\/\/club-canin.ch\/index.php\/historique\/\" \/>\n<meta property=\"og:locale\" content=\"fr_FR\" \/>\n<meta property=\"og:type\" content=\"article\" \/>\n<meta property=\"og:title\" content=\"Historique - CEC Tout&#039;\u00e0 Poils\" \/>\n<meta property=\"og:description\" content=\"Notre club, fond\u00e9 en&nbsp;avril 1988, sous la Pr\u00e9sidence de Georges GAILLARD, a pour but premier de promouvoir la bonne entente et la communication entre le ma\u00eetre et son compagnon \u00e0 4 pattes. 15.01.1994 Sous la pr\u00e9sidence de Jean-Paul SIRISIN, notre club est entr\u00e9 officiellement \u00e0 la F\u00e9d\u00e9ration Cynologique Suisse. 17.09.1994 Nous organisons notre premier concours&hellip;&nbsp;Lire la suite &raquo;Historique\" \/>\n<meta property=\"og:url\" content=\"https:\/\/club-canin.ch\/index.php\/historique\/\" \/>\n<meta property=\"og:site_name\" content=\"CEC Tout&#039;\u00e0 Poils\" \/>\n<meta property=\"article:publisher\" content=\"https:\/\/www.facebook.com\/toutapoils\" \/>\n<meta property=\"og:image\" content=\"http:\/\/www.club-canin.ch\/images\/adv%20pt.png\" \/>\n<meta name=\"twitter:card\" content=\"summary_large_image\" \/>\n<meta name=\"twitter:label1\" content=\"Dur\u00e9e de lecture estim\u00e9e\" \/>\n\t<meta name=\"twitter:data1\" content=\"2 minutes\" \/>\n<script type=\"application\/ld+json\" class=\"yoast-schema-graph\">{\"@context\":\"https:\/\/schema.org\",\"@graph\":[{\"@type\":\"WebPage\",\"@id\":\"https:\/\/club-canin.ch\/index.php\/historique\/\",\"url\":\"https:\/\/club-canin.ch\/index.php\/historique\/\",\"name\":\"Historique - CEC Tout&#039;\u00e0 Poils\",\"isPartOf\":{\"@id\":\"https:\/\/club-canin.ch\/#website\"},\"primaryImageOfPage\":{\"@id\":\"https:\/\/club-canin.ch\/index.php\/historique\/#primaryimage\"},\"image\":{\"@id\":\"https:\/\/club-canin.ch\/index.php\/historique\/#primaryimage\"},\"thumbnailUrl\":\"http:\/\/www.club-canin.ch\/images\/adv%20pt.png\",\"datePublished\":\"2019-11-26T22:00:58+00:00\",\"dateModified\":\"2019-11-26T22:00:58+00:00\",\"breadcrumb\":{\"@id\":\"https:\/\/club-canin.ch\/index.php\/historique\/#breadcrumb\"},\"inLanguage\":\"fr-FR\",\"potentialAction\":[{\"@type\":\"ReadAction\",\"target\":[\"https:\/\/club-canin.ch\/index.php\/historique\/\"]}]},{\"@type\":\"ImageObject\",\"inLanguage\":\"fr-FR\",\"@id\":\"https:\/\/club-canin.ch\/index.php\/historique\/#primaryimage\",\"url\":\"http:\/\/www.club-canin.ch\/images\/adv%20pt.png\",\"contentUrl\":\"http:\/\/www.club-canin.ch\/images\/adv%20pt.png\"},{\"@type\":\"BreadcrumbList\",\"@id\":\"https:\/\/club-canin.ch\/index.php\/historique\/#breadcrumb\",\"itemListElement\":[{\"@type\":\"ListItem\",\"position\":1,\"name\":\"Accueil\",\"item\":\"https:\/\/club-canin.ch\/\"},{\"@type\":\"ListItem\",\"position\":2,\"name\":\"Historique\"}]},{\"@type\":\"WebSite\",\"@id\":\"https:\/\/club-canin.ch\/#website\",\"url\":\"https:\/\/club-canin.ch\/\",\"name\":\"CEC Tout&#039;\u00e0 Poils\",\"description\":\"Club canin valaisan !\",\"publisher\":{\"@id\":\"https:\/\/club-canin.ch\/#organization\"},\"potentialAction\":[{\"@type\":\"SearchAction\",\"target\":{\"@type\":\"EntryPoint\",\"urlTemplate\":\"https:\/\/club-canin.ch\/?s={search_term_string}\"},\"query-input\":{\"@type\":\"PropertyValueSpecification\",\"valueRequired\":true,\"valueName\":\"search_term_string\"}}],\"inLanguage\":\"fr-FR\"},{\"@type\":\"Organization\",\"@id\":\"https:\/\/club-canin.ch\/#organization\",\"name\":\"Club canin Tout'\u00e0 Poils\",\"url\":\"https:\/\/club-canin.ch\/\",\"logo\":{\"@type\":\"ImageObject\",\"inLanguage\":\"fr-FR\",\"@id\":\"https:\/\/club-canin.ch\/#\/schema\/logo\/image\/\",\"url\":\"https:\/\/club-canin.ch\/wp-content\/uploads\/2022\/10\/logo-1200.png\",\"contentUrl\":\"https:\/\/club-canin.ch\/wp-content\/uploads\/2022\/10\/logo-1200.png\",\"width\":1200,\"height\":802,\"caption\":\"Club canin Tout'\u00e0 Poils\"},\"image\":{\"@id\":\"https:\/\/club-canin.ch\/#\/schema\/logo\/image\/\"},\"sameAs\":[\"https:\/\/www.facebook.com\/toutapoils\"]}]}<\/script>\n<!-- \/ Yoast SEO plugin. -->","yoast_head_json":{"title":"Historique - CEC Tout&#039;\u00e0 Poils","robots":{"index":"index","follow":"follow","max-snippet":"max-snippet:-1","max-image-preview":"max-image-preview:large","max-video-preview":"max-video-preview:-1"},"canonical":"https:\/\/club-canin.ch\/index.php\/historique\/","og_locale":"fr_FR","og_type":"article","og_title":"Historique - CEC Tout&#039;\u00e0 Poils","og_description":"Notre club, fond\u00e9 en&nbsp;avril 1988, sous la Pr\u00e9sidence de Georges GAILLARD, a pour but premier de promouvoir la bonne entente et la communication entre le ma\u00eetre et son compagnon \u00e0 4 pattes. 15.01.1994 Sous la pr\u00e9sidence de Jean-Paul SIRISIN, notre club est entr\u00e9 officiellement \u00e0 la F\u00e9d\u00e9ration Cynologique Suisse. 17.09.1994 Nous organisons notre premier concours&hellip;&nbsp;Lire la suite &raquo;Historique","og_url":"https:\/\/club-canin.ch\/index.php\/historique\/","og_site_name":"CEC Tout&#039;\u00e0 Poils","article_publisher":"https:\/\/www.facebook.com\/toutapoils","og_image":[{"url":"http:\/\/www.club-canin.ch\/images\/adv%20pt.png"}],"twitter_card":"summary_large_image","twitter_misc":{"Dur\u00e9e de lecture estim\u00e9e":"2 minutes"},"schema":{"@context":"https:\/\/schema.org","@graph":[{"@type":"WebPage","@id":"https:\/\/club-canin.ch\/index.php\/historique\/","url":"https:\/\/club-canin.ch\/index.php\/historique\/","name":"Historique - CEC Tout&#039;\u00e0 Poils","isPartOf":{"@id":"https:\/\/club-canin.ch\/#website"},"primaryImageOfPage":{"@id":"https:\/\/club-canin.ch\/index.php\/historique\/#primaryimage"},"image":{"@id":"https:\/\/club-canin.ch\/index.php\/historique\/#primaryimage"},"thumbnailUrl":"http:\/\/www.club-canin.ch\/images\/adv%20pt.png","datePublished":"2019-11-26T22:00:58+00:00","dateModified":"2019-11-26T22:00:58+00:00","breadcrumb":{"@id":"https:\/\/club-canin.ch\/index.php\/historique\/#breadcrumb"},"inLanguage":"fr-FR","potentialAction":[{"@type":"ReadAction","target":["https:\/\/club-canin.ch\/index.php\/historique\/"]}]},{"@type":"ImageObject","inLanguage":"fr-FR","@id":"https:\/\/club-canin.ch\/index.php\/historique\/#primaryimage","url":"http:\/\/www.club-canin.ch\/images\/adv%20pt.png","contentUrl":"http:\/\/www.club-canin.ch\/images\/adv%20pt.png"},{"@type":"BreadcrumbList","@id":"https:\/\/club-canin.ch\/index.php\/historique\/#breadcrumb","itemListElement":[{"@type":"ListItem","position":1,"name":"Accueil","item":"https:\/\/club-canin.ch\/"},{"@type":"ListItem","position":2,"name":"Historique"}]},{"@type":"WebSite","@id":"https:\/\/club-canin.ch\/#website","url":"https:\/\/club-canin.ch\/","name":"CEC Tout&#039;\u00e0 Poils","description":"Club canin valaisan !","publisher":{"@id":"https:\/\/club-canin.ch\/#organization"},"potentialAction":[{"@type":"SearchAction","target":{"@type":"EntryPoint","urlTemplate":"https:\/\/club-canin.ch\/?s={search_term_string}"},"query-input":{"@type":"PropertyValueSpecification","valueRequired":true,"valueName":"search_term_string"}}],"inLanguage":"fr-FR"},{"@type":"Organization","@id":"https:\/\/club-canin.ch\/#organization","name":"Club canin Tout'\u00e0 Poils","url":"https:\/\/club-canin.ch\/","logo":{"@type":"ImageObject","inLanguage":"fr-FR","@id":"https:\/\/club-canin.ch\/#\/schema\/logo\/image\/","url":"https:\/\/club-canin.ch\/wp-content\/uploads\/2022\/10\/logo-1200.png","contentUrl":"https:\/\/club-canin.ch\/wp-content\/uploads\/2022\/10\/logo-1200.png","width":1200,"height":802,"caption":"Club canin Tout'\u00e0 Poils"},"image":{"@id":"https:\/\/club-canin.ch\/#\/schema\/logo\/image\/"},"sameAs":["https:\/\/www.facebook.com\/toutapoils"]}]}},"jetpack_sharing_enabled":true,"_links":{"self":[{"href":"https:\/\/club-canin.ch\/index.php\/wp-json\/wp\/v2\/pages\/37","targetHints":{"allow":["GET"]}}],"collection":[{"href":"https:\/\/club-canin.ch\/index.php\/wp-json\/wp\/v2\/pages"}],"about":[{"href":"https:\/\/club-canin.ch\/index.php\/wp-json\/wp\/v2\/types\/page"}],"author":[{"embeddable":true,"href":"https:\/\/club-canin.ch\/index.php\/wp-json\/wp\/v2\/users\/1"}],"replies":[{"embeddable":true,"href":"https:\/\/club-canin.ch\/index.php\/wp-json\/wp\/v2\/comments?post=37"}],"version-history":[{"count":0,"href":"https:\/\/club-canin.ch\/index.php\/wp-json\/wp\/v2\/pages\/37\/revisions"}],"wp:attachment":[{"href":"https:\/\/club-canin.ch\/index.php\/wp-json\/wp\/v2\/media?parent=37"}],"curies":[{"name":"wp","href":"https:\/\/api.w.org\/{rel}","templated":true}]}}